 (-5 - -9).
3
Calculate 0 - (2 - (3 - 2)).
-1
Calculate -220 - -213 - (1 - -2).
-10
Calculate 0 + 2 + -2 + 4 + -2.
2
What is -9 + 2 + -1 - (8 + -11)?
-5
Evaluate 2 + 3 + 18 + -19.
4
What is 0 - 5 - (-6 + 6)?
-5
What is the value of 3 - (4 + (-1 - 3) - -4)?
-1
Evaluate (4 - 1) + -1 + -5.
-3
-7 - (-8 - (11 - (4 - -4)))
4
Calculate -7 + 6 + 5 + (7 - 5).
6
What is 6 + -3 + -1 + -3?
-1
(0 - (-14 + (2 - 2))) + -7
7
2 + (-1 - 7) - (-173 + 174)
-7
Evaluate -7 - 5 - (0 + -6).
-6
What is the value of (-9 - 0) + 0 + 13?
4
What is the value of (19 - 9) + -12 + 8?
6
Calculate 1 - 2 - (5 + -7 - 0).
1
Calculate 2 + (-3 + 6 - (3 + 5)).
-3
Calculate (-2 - 10) + 3 - (0 - 2).
-7
(2 - 1) + 6 + (-12 - -3)
-2
Evaluate 2 + -1 - (-3 + 1 + 5).
-2
4 - (0 - (-1 - 0))
3
What is 5 + -5 + (-1 - (2 + -2))?
-1
Calculate -7 - (-8 - 2) - (2 - -3).
-2
(-4 - (-8 - 17)) + -12
9
(2 + 9 - -1) + (-16 - -10)
6
Evaluate (6 + 14 - 13) + (-1 - 3).
3
Calculate (-10 - -9) + (1 - -2) + 2.
4
What is the value of -1 + 3 + (-1 - (0 + 3))?
-2
Calculate (-46 - -59) + 0 + -7 - 5.
1
What is (-5 - 2) + (-1 - (-8 - -1))?
-1
What is -1 - (1 - 2) - 4?
-4
Evaluate 0 + (-7 - (-1 - 2)).
-4
What is (-2 - -5) + 5 + -3?
5
What is the value of -4 + -1 + 0 + 12 + -16?
-9
Evaluate (3 - 2) + (6 + -7 - 0).
0
Evaluate -1 - (0 - (2 - 6)).
-5
What is the value of 103 - 101 - (-2 - 1)?
5
What is -2 + (2 - (-2 - (-2 + -2)))?
-2
What is 5 + -8 + 0 + -3?
-6
What is the value of (7 - (2 + 2) - 5) + 1?
-1
Calculate (14 - (-8 - -27)) + (12 - 3).
4
What is -5 - (-3 + -2 - -3)?
-3
What is (-1 + -3 - 0) + 5?
1
Calculate -3 + (5 - 1) + -1 + -2.
-2
Calculate -8 + 13 + (-5 - 0).
0
What is 2 + (-30 - -32 - (-2 + 0))?
6
12 - (1 + 2 - -14)
-5
4 - 1 - -2 - (2 - -1)
2
What is 6 + -32 + 18 - (-9 - 1)?
2
(-3 - 6) + 7 - -2
0
Calculate 1 + 4 + (4 - 10) + 8.
7
Calculate 0 + -1 + 0 - (4 - 0).
-5
Evaluate 1 + (1 - 5) - (-10 - -5).
2
-1 - (-4 + 1 - (-1 - -2))
3
Evaluate (-1 - -7 - 4) + -7.
-5
Evaluate -1 + -6 + (3 - 0) + 0.
-4
Calculate -5 - (-9 + (-7 - -10)).
1
What is 2 + 0 + -3 + 8 + -4?
3
Calculate -1 + 4 + (-5 - 1).
-3
Calculate -2 + -6 - (-3 - (10 - 5)).
0
What is the value of -2 + (6 - 15) - -8?
-3
What is 2 + -3 + 0 + (0 - -4)?
3
Calculate -4 + 1 + -2 + 4.
-1
0 + 2 - (1 + -1) - 0
2
What is 2 + (1 - -4 - 1) + -6?
0
What is the value of -5 + (1 - -5) + -1 + 1?
1
What is -5 + 0 + 6 + -2?
-1
What is the value of 8 + (-7 - ((1 - 4) + 1))?
3
What is the value of -9 - (-16 - (3 - 3))?
7
What is the value of -2 + 3 + (16 - 24)?
-7
What is the value of (1 - (12 + -11)) + (-1 - 0)?
-1
Calculate 5 - 9 - (-1 - 1).
-2
What is -10 - -14 - (7 - 2) - -9?
8
What is -9 + (-5 + 4 - 4) - -7?
-7
What is the value of -4 - (4 - (4 - -1))?
-3
What is 3 - (-2 - (-4 + -2 + 3))?
2
Calculate (-11 + 6 - -7) + -6.
-4
What is the value of 8 + 0 - (-20 - -21)?
7
Evaluate -1 + (-5 - -4 - -4).
2
What is the value of 2 + -7 + 1 + (7 - 5)?
-2
What is (-27 - -5 - -9) + 15?
2
Evaluate 6 - 5 - 7 - (8 + -24).
10
What is the value of 5 - (-1 + -2 + (-2 - -6))?
4
What is the value of 4 - (3 + (0 - (4 - 2)))?
3
-8 + 10 - (4 + -1)
-1
-13 + 6 + 4 + 5
2
(-1 - 23) + 11 + (6 - -1)
-6
Evaluate 4 + -5 + 0 + 19 + -13.
5
Calculate -24 + 25 + (0 - (-1 + -2)).
4
Calculate (-6 + 0 - 0) + 1.
-5
Calculate -16 + (2 - -7) + 9.
2
Calculate -12 + (25 - 5) - (0 - -3).
5
Calculate 10 - (5 - 0 - -3).
2
2 - (-2 + (-4 - -3))
5
What is 6 - (-8 - (-1 + 0 + -3))?
10
What is the value of 8 + -7 + 11 - 17?
-5
Calculate 4 + (-11 - -4) - -2.
-1
What is 15 + -5 - 8 - 0?
2
Calculate 2 - 4 - (3 - 1).
-4
What is (4 - -3) + -6 + 4 + -16?
-11
Calculate -7 + 6 + -8 + 13.
4
What is the value of 0 + (-3 - 1) + 7?
3
-2 + 0 + 1 + (-1 - -4)
2
What is 1 - -4 - (-5 - -7)?
3
What is (-2 - 2 - 0) + 0?
-4
(-4 + 4 - (10 - 4)) + 4
-2
What is the value of (-2 + -1 - -16 - 4) + -3?
6
Calculate 0 + (-2 - -4) + -1 + -2.
-1
Evaluate 2 + (5 - (5 + 4)) + 7.
5
9 + -4 + -4 + -4 + 4
1
Evaluate -2 - 0 - (-11 + 14).
-5
What is the value of 25 + 6 - 20 - (-1 - -3)?
9
Evaluate 30 + -33 + (0 + -1 - 1).
-5
What is the value of -10 + 6 + -1 - -4?
-1
What is the value of (-7 + 3 - -2) + 7 + -4?
1
What is 7 + (-3 + 3 - (4 - 0))?
3
-2 + 1 + (34 - 34)
-1
Evaluate 5 + 1 + -127 + 117.
-4
What is -3 - -1 - 1 - (2 - 6)?
1
-10 - (-10 + -5 - -9)
-4
Evaluate -13 + (10 - (14 - 9)).
-8
-1 + -3 - -1 - -6 - 3
0
What is 5 + -1 + -39 + 34?
-1
What is the value of 13 + -5 - (2 - -1 - -1)?
4
Calculate -5 + (11 + -6 - 4).
-4
What is -10 - ((3 - (-3 + 9)) + -2)?
-5
What is -5 + -1 - (4 + 3 - 8)?
-5
What is -3 + (-3 - -1) + -3?
-8
Calculate -4 + 1 - ((1 - -1) + -7).
2
What is the value of -1 - ((2 - (2 - 3)) + -1)?
-3
Evaluate 19 + -16 - (-2 - -2) - 3.
0
What is the value of -3 - (0 - 2 - 4)?
3
What is 2 + (-9 - (-20 - -9))?
4
What is -2 - (-2 - -4) - (20 + -15)?
-9
Calculate 3 + 1 - (14 + -10) - 3.
-3
What is the value of 2 - (-7 + -8 + 14)?
3
What is the value of -11 + (3 - -2) - (-2 - -1)?
-5
What is the value of -10 + 2 + (7 - 7) + 0?
-8
Evaluate 2 - (4 - ((-2 - 4) + 8)).
0
Evaluate 7 + -2 - (1 - 3) - -2.
9
What is the value of (4 - (-3 - -10)) + 6?
3
What is the value of -8 + 1 - (2 + -5)?
-4
Calculate -2 + 8 + (-7 - 0).
-1
What is (1 - 2 - 1) + 5 - 6?
-3
What is (0 + -1 - -2) + -4 + 5?
2
-7 - (-8 + 13 + -12)
0
1 + 5 + 24 + -26
4
What is 4 + -7 + (18 - 14)?
1
Calculate 10 + 13 + -9 + -17.
-3
What is the value of 1 + -9 + (11 - 2)?
1
What is the value of -2 - -3 - ((-1 - -2) + -4)?
4
Evaluate -2 + 1 + 6 + -1 - 5.
-1
Evaluate -1 + -1 - (16 + -19).
1
What is (-3 - -1) + 2 - (-1 - 2)?
3
What is (-3 - -12) + 6 + -10 + -1?
4
Evaluate 1 - (7 - (5 + 5)) - 14.
-10
-8 + (11 - (-12 + 14))
1
3 + -1 + -2 + 0
0
Calculate 0 - (7 + -2 + -6 + 7).
-6
What is the value of 7 + 4 + (-17 - -8)?
2
Calculate 1 - -6 - (1 + 3).
3
-1 + -6 - (1 + -1 + -3)
-4
Evaluate (-8 - -1) + (8 - (-2 - -7)).
-4
What is (-3 - -10 - 0) + 1 + -2?
6
Evaluate -8 - (-4 + 5 + -1 - 4).
-4
What is 7 + -3 + 3 + 1 - 1?
7
Calculate -4 + -1 - (-2 - 2).
-1
What is the value of -4 - (1 + -5 - -1)?
-1
Evaluate 1 - (-7 + 3 - -3).
2
Calculate 7 - ((9 - (-4 - -8)) + 1).
1
What is -6 - (3 - -5 - 9)?
-5
What is the value of 4 + (-3 - -3) - (15 - 4)?
-7
(4 - (3 - -3)) + 3 - -5
6
Calculate 10 + (0 - (-10 + 21)).
-1
What is -1 + (-4 + 1 - -3)?
-1
What is -4 - (-3 - (3 + 3 + -4))?
1
(0 - 2) + (4 + -4 - -4)
2
Calculate 5 + -2 + -3 + 2.
2
-6 + 9 + (2 - 6)
-1
Calculate -9 + (3 + 0 + -3 - -4).
-5
Calculate 92 + -92 + (0 - -6).
6
What is the value of -5 - (1 + -2 + -3)?
-1
Evaluate -4 + -3 - (-12 - -6).
-1
What is 0 - -3 - (-6 + 6)?
3
Evaluate 2 + 0 + (4 + -2 - 4).
0
What is -3 - (-2 + 4 + 3 + -6)?
-2
What is the value of -6 - -1 - (41 - 24 - 17)?
-5
5 + (4 - 7) + -5
-3
What is (-2 - 0 - -6) + -9?
-5
What is -1 + 2 - (3 + -8 + 2)?
4
Evaluate -5 - (2 - 13) - (2 - -1).
3
What is -15 + (6 - -3) + 6?
0
What is (13 - 12) + (-1 - -3)?
3
What is -18 + 22 - (2 - -1)?
1
What is (3 - -1) + (-5 + 6 - 7)?
-2
What is -4 - (-2 - 2) - 5?
-5
Evaluate (-7 - 1) + 2 + (6 - 2).
-2
What is the value of -52 + 57 - (6 + 1)?
-2
Evaluate (0 - -1) + -1 - (1 - 3).
2
Evaluate 1 + 3 + 0 + -1 + -1.
2
What is 1 + (-2 + 1 + 1 - -1)?
2
-9 - (3 - (18 + -4))
2
Calculate 1 + (0 - 0 - 0) + 2.
3
6 - (-6 + (-7 - -21) + 0)
-2
Calculate 0 - (-1 - -2) - (-225 - -222).
2
What is -3 - -1 - (-73 + 68)?
3
What is 5 - 0 - 3 - 4?
-2
Calculate (-4 - 1) + (-6 - -5) + 6.
0
Calculate 2 - (2 - (-4 - -3)).
-1
-2 - 4 - (-3 - 8)
5
Calculate 9 - (9 + -9) - (0 - -3).
6
Evaluate (-4 - 0) + (8 - 6).
-2
-1 + 2 + 3 + 0 + -1
3
What is (1 - -1) + (0 - (3 + -4))?
3
What is -5 + (-12 - -2) + 6?
-9
Calculate 1 - (9 + -12 + 11).
-7
Evaluate 2 + 3 + 2 + 3 + -2.
8
What is -3 + -14 + (-8 - -16) - 2?
-11
-4 + 5 + -5 + 1 - -3
0
Evaluate 1 + -4 + -4 + 8 + -4.
-3
Calculate 1 - 1 - (-3 + (-2 - -4)).
1
(-6 - -2) + 4 - -6
6
Evaluate (11 - 6) + -8 - 3.
-6
-22 - -31 - (-2 - -8)
3
What is the value of -1 - 1 - (13 + -16)?
1
What is 1 + (2 - 4) - -5?
4
What is the value of 3 + -3 - -2 - 3?
-1
What is the value of 0 + (-2 - (1 + -2)) - -2?
1
What is the value of -12 - -1 - (-3 - 1) - -3?
-4
What is the value of 9 - 3 - 12 - (0 + -3)?
-3
Calculate 2 - ((0 - -4) + -4) - -3.
5
Evaluate -6 + -1 + -2 + 13.
4
Calculate -11 - -8 - (-2 + 2).
-3
Evaluate -1 + 2 + 1 + (7 - 12).
-3
Evaluate -1 + 4 + 1 + 0.
4
Eva